3297647 composite?
False
Is 241519 prime?
False
Is 4205507 a prime number?
True
Is 19339819 prime?
True
Is 3211379 composite?
True
Is 1495873 prime?
False
Is 45858271 a prime number?
True
Is 15429409 a prime number?
True
Is 202967 a prime number?
True
Is 183756173 composite?
True
Is 4953082 composite?
True
Is 15088301 a composite number?
False
Is 16862561 a composite number?
False
Is 5370773 prime?
True
Is 1108957 composite?
False
Is 11680429 a composite number?
True
Is 128211565 prime?
False
Is 1334629 a composite number?
False
Is 1208181505 a composite number?
True
Is 179527897 a composite number?
True
Is 1231591 prime?
False
Is 7275761 prime?
False
Is 4069419 a prime number?
False
Is 18993263 prime?
True
Is 45457787 a prime number?
True
Is 1104336073 a prime number?
True
Is 36293809 composite?
True
Is 8404463 a composite number?
False
Is 204948251 a composite number?
False
Is 181874131 prime?
True
Is 95723963 a prime number?
True
Is 174642959 a composite number?
True
Is 1932631 prime?
True
Is 11865239 a composite number?
True
Is 415409477 composite?
True
Is 425008667 a composite number?
True
Is 1627111 a composite number?
False
Is 51699491 a composite number?
False
Is 36346649 composite?
True
Is 33243629 composite?
False
Is 7369001 composite?
False
Is 8000479 composite?
False
Is 93372011 prime?
True
Is 935947 composite?
True
Is 9646501 a composite number?
False
Is 1294453 a composite number?
False
Is 4059271 composite?
False
Is 14249401 prime?
True
Is 19787627 prime?
True
Is 313663 a composite number?
True
Is 992433541 a composite number?
True
Is 33851827 a prime number?
True
Is 6310649 a composite number?
True
Is 56659411 prime?
False
Is 5073067 a composite number?
False
Is 1152452201 a prime number?
False
Is 13908241 prime?
True
Is 191071 prime?
True
Is 27559127 a prime number?
False
Is 276941 prime?
False
Is 43345277 prime?
False
Is 455536747 a composite number?
False
Is 98339921 composite?
False
Is 2866961 a composite number?
False
Is 31957667 prime?
False
Is 676526593 a prime number?
False
Is 20053078 composite?
True
Is 5349037 composite?
True
Is 9390529 composite?
False
Is 65516357 a composite number?
False
Is 148211203 a prime number?
False
Is 73594111 a prime number?
True
Is 83369179 composite?
True
Is 7224089 a prime number?
True
Is 13410959 prime?
True
Is 3974351 prime?
True
Is 373903 composite?
False
Is 3575687 composite?
False
Is 1269019 prime?
False
Is 178065749 prime?
True
Is 1064145917 prime?
True
Is 547087 a composite number?
False
Is 868993 composite?
False
Is 58408301 prime?
False
Is 7682981 composite?
True
Is 730241147 composite?
False
Is 24443543 a prime number?
False
Is 16555363 a composite number?
True
Is 171209957 a composite number?
False
Is 14462237 a composite number?
False
Is 1327213 composite?
True
Is 27330193 a prime number?
False
Is 61243267 a composite number?
False
Is 1544287 composite?
True
Is 24698431 a prime number?
False
Is 1273199 a prime number?
True
Is 8408707 composite?
False
Is 431128249 a composite number?
False
Is 54657017 a prime number?
False
Is 38604563 prime?
True
Is 5738981 a prime number?
True
Is 20014 composite?
True
Is 252980311 a prime number?
False
Is 2452223 prime?
True
Is 4469431 a composite number?
False
Is 143398889 a prime number?
True
Is 61091857 a composite number?
True
Is 1498811 a composite number?
False
Is 5590787 prime?
True
Is 103167005 composite?
True
Is 3957077 a prime number?
True
Is 4696157 composite?
True
Is 183764557 a composite number?
False
Is 54620261 prime?
True
Is 6424261 a composite number?
True
Is 25146257 composite?
False
Is 516024599 composite?
False
Is 1633777 composite?
False
Is 8564221 prime?
True
Is 1635853 a composite number?
True
Is 23060027 prime?
True
Is 2128013 a prime number?
False
Is 72361931 a composite number?
True
Is 747597 a prime number?
False
Is 25938343 a prime number?
True
Is 5915731 composite?
False
Is 10072943 composite?
False
Is 13643477 a prime number?
False
Is 9154459 prime?
False
Is 79793873 a prime number?
True
Is 227767303 a composite number?
False
Is 56978263 prime?
True
Is 351959 composite?
False
Is 5349 a composite number?
True
Is 94747 a composite number?
False
Is 14562367 composite?
False
Is 771710317 composite?
True
Is 81040835 a composite number?
True
Is 2039857 composite?
False
Is 90550921 composite?
False
Is 237974629 composite?
True
Is 1028869 a composite number?
True
Is 36232237 prime?
True
Is 278550581 composite?
False
Is 719051 a prime number?
False
Is 68586331 composite?
True
Is 42350119 prime?
False
Is 13634321 a composite number?
True
Is 1911697 a composite number?
False
Is 35870147 a composite number?
False
Is 3962537 a prime number?
False
Is 44041927 a prime number?
True
Is 5403061 composite?
False
Is 21703541 a composite number?
False
Is 1783189 a composite number?
False
Is 297376909 a composite number?
True
Is 9144277 prime?
True
Is 14086679 prime?
False
Is 8615 composite?
True
Is 8022767 prime?
False
Is 1135289 prime?
False
Is 131723129 a prime number?
False
Is 3380387 a prime number?
True
Is 6511307 a composite number?
True
Is 608653 prime?
True
Is 30450603 prime?
False
Is 98752457 composite?
False
Is 1277329091 prime?
True
Is 1689601 composite?
False
Is 10223527 a composite number?
False
Is 1871729 prime?
False
Is 4778453 prime?
True
Is 139482659 prime?
True
Is 67644553 prime?
True
Is 6874814 a composite number?
True
Is 25784701 prime?
False
Is 155225431 composite?
True
Is 9660329 a composite number?
True
Is 88146613 a composite number?
False
Is 6568601 composite?
True
Is 7814371 a prime number?
True
Is 1002619 composite?
False
Is 25037663 a prime number?
False
Is 2230987 prime?
False
Is 291077 prime?
True
Is 133035403 prime?
False
Is 4694759 composite?
False
Is 23124709 prime?
False
Is 37248061 prime?
True
Is 3984539 composite?
True
Is 525449611 a composite number?
False
Is 22075913 a prime number?
True
Is 9281399 composite?
False
Is 287636177 a composite number?
False
Is 1580113 a composite number?
True
Is 466464767 composite?
False
Is 3914747 prime?
True
Is 243118573 prime?
False
Is 2320427 a prime number?
True
Is 1631743 a prime number?
False
Is 8122489 prime?
False
Is 8671969 a prime number?
False
Is 42372053 a prime number?
True
Is 94531043 composite?
False
Is 616161193 composite?
False
Is 1221443 prime?
True
Is 18947711 a composite number?
False
Is 3316799 a prime number?
True
Is 5389883 composite?
True
Is 10589 a prime number?
True
Is 12510713 a composite number?
False
Is 50226929 composite?
False
Is 4797103 a composite number?
True
Is 134887 composite?
False
Is 22797263 a composite number?
False
Is 898211 a prime number?
True
Is 23252017 a composite number?
True
Is 4828855855 a composite number?
True
Is 2557099 a prime number?
True
Is 648281 a prime number?
False
Is 318446437 composite?
False
Is 1060769 composite?
False
Is 2776271 a prime number?
False
Is 20518769 composite?
True
Is 46463359 a prime number?
False
Is 41025917 a composite number?
False
Is 2050847 composite?
True
Is 2671021 composite?
False
Is 5703569 composite?
True
Is 37753643 a prime number?
False
Is 11630987 a prime number?
False
Is 1214761 a composite number?
True
Is 14077859 prime?
False
Is 388009 composite?
False
Is 63379081 composite?
True
Is 499009 composite?
True
Is 73477969 a composite number?
True
Is 7520173 prime?
True
Is 394099 prime?
True
Is 40825727 a composite number?
False
Is 14470327 composite?
True
Is 57437447 composite?
False
Is 138591515 a prime number?
False
Is 39329929 prime?
False
Is 658651681 a composite number?
False
Is 109342379 prime?
True
Is 857821 a composite number?
False
Is 1341677 prime?
True
Is 48360937 a prime number?
False
Is 3215767 composite?
True
Is 11176279 composite?
False
Is 101032891 a composite number?
False
Is 3357559 prime?
True
Is 11352013 a prime number?
False
Is 431229451 a prime number?
False
Is 7653953 a prime number?
True
Is 1093223 prime?
True
Is 9790901 composite?
False
Is 4187009 a composite number?
False
Is 2336693 a prime number?
False
Is 2059831 composite?
True
Is 9631087 a composite number?
True
Is 422885459 a composite number?
False
Is 58515757 a composite number?
False
Is 1810507 prime?
True
Is 38771639 composite?
False
Is 785619319 prime?
False
Is 23767973 prime?
False
Is 1